409 prime?
True
Is 2278243 a prime number?
False
Is 12781 a prime number?
True
Is 6595 a prime number?
False
Is 21767 a composite number?
False
Is 5749 a prime number?
True
Is 9937 prime?
False
Is 92173 a prime number?
True
Is 9017 prime?
False
Is 2451143 a prime number?
True
Is 2053 prime?
True
Is 142466 a prime number?
False
Is 18971 prime?
False
Is 68545 a composite number?
True
Is 6081 composite?
True
Is 9811 composite?
False
Is 2274451 a prime number?
True
Is 135313 composite?
True
Is 49853 a composite number?
False
Is 105527 a prime number?
True
Is 21001 a composite number?
False
Is 80111 a composite number?
False
Is 4533 prime?
False
Is 5557 composite?
False
Is 14519 prime?
True
Is 4169 a prime number?
False
Is 831367 composite?
False
Is 33302 a composite number?
True
Is 49615 composite?
True
Is 5501 prime?
True
Is 19603 prime?
True
Is 7318 a prime number?
False
Is 61133 a composite number?
True
Is 2785793 prime?
False
Is 13553 composite?
False
Is 2173507 a prime number?
False
Is 313391 composite?
True
Is 26545 a composite number?
True
Is 966937 prime?
True
Is 35729 a prime number?
True
Is 1579061 a prime number?
False
Is 8179 a prime number?
True
Is 77135 a prime number?
False
Is 48073 composite?
False
Is 73429 a prime number?
False
Is 993079 a composite number?
False
Is 549251 prime?
False
Is 1087 prime?
True
Is 3641 a composite number?
True
Is 3761 a composite number?
False
Is 21729 prime?
False
Is 4745555 composite?
True
Is 1009 a prime number?
True
Is 363067 prime?
True
Is 5428691 composite?
False
Is 281881 composite?
True
Is 5623 prime?
True
Is 12591295 a composite number?
True
Is 2941 composite?
True
Is 1198849 a composite number?
False
Is 94291 prime?
True
Is 8939 composite?
True
Is 787 a prime number?
True
Is 140891 a prime number?
True
Is 750103 a prime number?
False
Is 1011 composite?
True
Is 612047 a prime number?
False
Is 887 a composite number?
False
Is 181693 a prime number?
True
Is 23251 a prime number?
True
Is 13907 composite?
False
Is 12611 prime?
True
Is 179801 a prime number?
True
Is 3763 a prime number?
False
Is 6469 a composite number?
False
Is 17257 composite?
False
Is 30823 prime?
False
Is 18187 composite?
True
Is 39679 a prime number?
True
Is 3557 a prime number?
True
Is 497339 a prime number?
True
Is 2957641 composite?
False
Is 6127 a composite number?
True
Is 5834 prime?
False
Is 9809 a composite number?
True
Is 10029 a prime number?
False
Is 92711 composite?
True
Is 133753 composite?
True
Is 4127 composite?
False
Is 24943 prime?
True
Is 16729 a composite number?
False
Is 762499 prime?
True
Is 366311 prime?
False
Is 689021 prime?
True
Is 39659 prime?
True
Is 2185249 a composite number?
True
Is 1711 prime?
False
Is 181457 composite?
False
Is 231589 composite?
False
Is 137321 prime?
True
Is 44221 composite?
False
Is 9451 a composite number?
True
Is 1182599 a composite number?
True
Is 458357 prime?
True
Is 988567 prime?
False
Is 27989 prime?
False
Is 563359 prime?
True
Is 5674 composite?
True
Is 10289 prime?
True
Is 1438669 a composite number?
True
Is 14953 a prime number?
False
Is 977 a composite number?
False
Is 5165 a prime number?
False
Is 290701 composite?
False
Is 2363651 a composite number?
False
Is 2231129 a prime number?
True
Is 17257 prime?
True
Is 22007 prime?
False
Is 99317 composite?
False
Is 506629 a prime number?
True
Is 383 a prime number?
True
Is 251 composite?
False
Is 40253 a prime number?
True
Is 70549 composite?
False
Is 2990569 a prime number?
False
Is 673913 composite?
True
Is 131883 composite?
True
Is 6673 a composite number?
False
Is 36947 composite?
False
Is 1283734 a composite number?
True
Is 45119 composite?
False
Is 3511 prime?
True
Is 5807 a composite number?
False
Is 448417 prime?
False
Is 15149 prime?
True
Is 733699 a prime number?
False
Is 45751 a composite number?
False
Is 77939 composite?
True
Is 665485 a composite number?
True
Is 365357 prime?
True
Is 42043 a prime number?
True
Is 61073 composite?
True
Is 315961 prime?
True
Is 15783 composite?
True
Is 157709 a composite number?
True
Is 15557 composite?
True
Is 10765 a composite number?
True
Is 44241 composite?
True
Is 428369 composite?
False
Is 17881 prime?
True
Is 455033 composite?
False
Is 368471 a prime number?
True
Is 45659 a prime number?
True
Is 5219 a prime number?
False
Is 101483 a prime number?
True
Is 13603 prime?
False
Is 1087 a prime number?
True
Is 7961 a prime number?
False
Is 7627 prime?
False
Is 48229 prime?
False
Is 651973 a prime number?
False
Is 305038 composite?
True
Is 272723 a prime number?
False
Is 19717 composite?
False
Is 6607 a prime number?
True
Is 50473 composite?
True
Is 14429 prime?
False
Is 20179 prime?
False
Is 4137505 a composite number?
True
Is 12131 composite?
True
Is 53987 a prime number?
True
Is 17467 a composite number?
False
Is 201547 composite?
False
Is 6947 a composite number?
False
Is 10267 composite?
False
Is 8651 a composite number?
True
Is 722663 prime?
True
Is 29201 composite?
False
Is 77079 a composite number?
True
Is 791671 a prime number?
False
Is 3709 prime?
True
Is 419407 composite?
True
Is 82601 prime?
True
Is 378733 prime?
True
Is 2609 prime?
True
Is 67391 composite?
False
Is 216493 a prime number?
True
Is 200815 composite?
True
Is 5539 composite?
True
Is 1023163 composite?
False
Is 12014 composite?
True
Is 43201 a prime number?
True
Is 18593 a composite number?
False
Is 190477 a composite number?
True
Is 57221 prime?
True
Is 954487 a composite number?
True
Is 5087 composite?
False
Is 16711 prime?
False
Is 49253 a composite number?
False
Is 510529 a composite number?
False
Is 53951 composite?
False
Is 484937 composite?
True
Is 260111 prime?
True
Is 12251 a composite number?
False
Is 97499 a prime number?
True
Is 26081 prime?
False
Is 2761 a composite number?
True
Is 355 a composite number?
True
Is 64969 a composite number?
False
Is 769 composite?
False
Is 268853 a prime number?
False
Is 547895 a composite number?
True
Is 49297 a prime number?
True
Is 127 a composite number?
False
Is 12499 prime?
False
Is 114623 a composite number?
True
Is 71405 a composite number?
True
Is 5627 a composite number?
True
Is 175543 composite?
False
Is 365869 composite?
True
Is 467518 a prime number?
False
Is 453577 a composite number?
True
Is 3331811 prime?
False
Is 1116047 prime?
False
Is 50111 composite?
False
Is 4195 prime?
False
Is 154667 composite?
False
Is 364207 prime?
False
Is 2195 a composite number?
True
Is 163531 composite?
True
Is 280538 a prime number?
False
Is 298601 prime?
True
Is 5039 a prime number?
True
Is 300073 prime?
True
Is 4733 a composite number?
False
Is 9691 prime?
False
Is 48683 prime?
False
Is 7793 prime?
True
Is 8779 prime?
True
Is 22429 a composite number?
True
Is 20957 prime?
False
Is 5499259 prime?
True
Is 44554 a prime number?
False
Is 642467 prime?
False
Is 20611 a composite number?
False
Is 58303 a prime number?
False
Is 94219 prime?
True
Is 468343 a prime number?
False
Is 172849 prime?
True
Is 887 composite?
False
Is 1361 a composite number?
False
Is 1537279 composite?
False
Is 3593 composite?
False
Is 471041 a composite number?
False
Is 331 composite?
False
Is 4213 prime?
False
Is 8353 a prime number?
True
Is 14743 composite?
True
Is 3793 a composite number?
False
Is 921373 a composite number?
False
Is 4831 a prime number?
True
Is 53933 a composite number?
True
Is 3044473 a composite number?
False
Is 35023 prime?
True
Is 7607 prime?
True
Is 768445 a prime number?
False
Is 4383439 a composite number?
False
Is 30991 a composite number?
True
Is 804803 a composite number?
False
Is 19283 prime?
False
Is 24383 a composite number?
True
Is 19289 prime?
True
Is 814687 a composite number?
False
Is 30353 composite?
True
Is 190573 a prime number?
True
Is 16249 a composite number?
False
Is 70427 prime?
False
Is 34 a prime number?
False
Is 16111 prime?
True
Is 88759 a prime number?
False
Is 52501 a prime number?
True
Is 41669 prime?
True
Is 16495 a prime number?
False
Is 35102 composite?
True
Is 7897 a prime number?
False
Is 187723 a prime number?
False
Is 33491 composite?
True
Is 55805 a prime number?
False
Is 1027811 a composite number?
True
Is 28727 composite?
True
Is 482501 composite?
False
Is 19959 a composite number?
True
Is 1399 a composite number?
False
Is 2633